the ten thousands digit of 156145?
5
What is the hundreds digit of 805737?
7
What is the units digit of 554554?
4
What is the thousands digit of 1888?
1
What is the ten thousands digit of 144387?
4
What is the units digit of 11468165?
5
What is the ten thousands digit of 50093?
5
What is the tens digit of 758642?
4
What is the tens digit of 136020?
2
What is the hundred thousands digit of 6505912?
5
What is the hundreds digit of 176817?
8
What is the hundred thousands digit of 4871090?
8
What is the millions digit of 1351555?
1
What is the hundred thousands digit of 5252276?
2
What is the hundred thousands digit of 421198?
4
What is the hundred thousands digit of 2735958?
7
What is the ten thousands digit of 336724?
3
What is the units digit of 1229707?
7
What is the hundreds digit of 4086091?
0
What is the hundred thousands digit of 490272?
4
What is the ten thousands digit of 4586155?
8
What is the tens digit of 32169?
6
What is the hundreds digit of 336273?
2
What is the hundred thousands digit of 30308621?
3
What is the tens digit of 64877?
7
What is the thousands digit of 770921?
0
What is the thousands digit of 17683100?
3
What is the tens digit of 4054395?
9
What is the tens digit of 5057665?
6
What is the hundred thousands digit of 377269?
3
What is the ten millions digit of 19972854?
1
What is the tens digit of 792547?
4
What is the tens digit of 161091?
9
What is the thousands digit of 650380?
0
What is the hundred thousands digit of 2032794?
0
What is the thousands digit of 633467?
3
What is the units digit of 23533858?
8
What is the millions digit of 3681030?
3
What is the tens digit of 7047121?
2
What is the ten thousands digit of 4407485?
0
What is the tens digit of 37803?
0
What is the hundred thousands digit of 2985460?
9
What is the millions digit of 1707897?
1
What is the thousands digit of 530470?
0
What is the units digit of 6734353?
3
What is the hundred thousands digit of 780167?
7
What is the tens digit of 212309?
0
What is the thousands digit of 1724105?
4
What is the thousands digit of 13540983?
0
What is the units digit of 897576?
6
What is the tens digit of 226472?
7
What is the thousands digit of 198286?
8
What is the hundreds digit of 30207548?
5
What is the ten thousands digit of 4031231?
3
What is the units digit of 704531?
1
What is the hundreds digit of 32338087?
0
What is the hundreds digit of 4051118?
1
What is the hundreds digit of 272221?
2
What is the hundred thousands digit of 2601009?
6
What is the tens digit of 21067038?
3
What is the ten thousands digit of 515008?
1
What is the hundred thousands digit of 218979?
2
What is the units digit of 703653?
3
What is the thousands digit of 682981?
2
What is the hundreds digit of 70467?
4
What is the tens digit of 25185762?
6
What is the hundreds digit of 249740?
7
What is the thousands digit of 4284976?
4
What is the hundreds digit of 764603?
6
What is the tens digit of 2827003?
0
What is the ten thousands digit of 176807?
7
What is the ten millions digit of 11718067?
1
What is the thousands digit of 12136?
2
What is the millions digit of 16176572?
6
What is the hundred thousands digit of 200534?
2
What is the ten millions digit of 20869283?
2
What is the tens digit of 993189?
8
What is the units digit of 1156445?
5
What is the ten thousands digit of 1128672?
2
What is the hundred thousands digit of 6316076?
3
What is the thousands digit of 14278454?
8
What is the hundreds digit of 13707573?
5
What is the ten thousands digit of 1825259?
2
What is the hundreds digit of 163108?
1
What is the units digit of 173623?
3
What is the thousands digit of 1804877?
4
What is the thousands digit of 3818449?
8
What is the thousands digit of 8010470?
0
What is the units digit of 733529?
9
What is the ten thousands digit of 133014?
3
What is the thousands digit of 595569?
5
What is the ten thousands digit of 38882642?
8
What is the thousands digit of 43400?
3
What is the thousands digit of 23802025?
2
What is the thousands digit of 549251?
9
What is the units digit of 621264?
4
What is the ten thousands digit of 19876934?
7
What is the thousands digit of 4051314?
1
What is the tens digit of 464022?
2
What is the thousands digit of 1195786?
5
What is the tens digit of 4394704?
0
What is the ten thousands digit of 11914768?
1
What is the thousands digit of 776611?
6
What is the thousands digit of 6416911?
6
What is the tens digit of 92281?
8
What is the thousands digit of 537383?
7
What is the hundreds digit of 2925046?
0
What is the tens digit of 487999?
9
What is the units digit of 4731164?
4
What is the ten thousands digit of 245495?
4
What is the units digit of 251470?
0
What is the ten millions digit of 12246661?
1
What is the hundred thousands digit of 353299?
3
What is the hundreds digit of 591528?
5
What is the units digit of 918381?
1
What is the hundred thousands digit of 3193838?
1
What is the millions digit of 4501944?
4
What is the millions digit of 1476922?
1
What is the hundred thousands digit of 1293550?
2
What is the millions digit of 8338295?
8
What is the hundred thousands digit of 28490414?
4
What is the tens digit of 69144?
4
What is the tens digit of 327929?
2
What is the thousands digit of 100508?
0
What is the ten thousands digit of 81384?
8
What is the tens digit of 12972060?
6
What is the millions digit of 4762646?
4
What is the ten thousands digit of 8545575?
4
What is the thousands digit of 338015?
8
What is the millions digit of 1169592?
1
What is the hundreds digit of 165331?
3
What is the hundreds digit of 5027803?
8
What is the units digit of 859574?
4
What is the millions digit of 4050161?
4
What is the ten thousands digit of 482143?
8
What is the hundred thousands digit of 2994846?
9
What is the hundred thousands digit of 2179823?
1
What is the tens digit of 471824?
2
What is the units digit of 4372589?
9
What is the hundreds digit of 16486477?
4
What is the thousands digit of 1994896?
4
What is the ten thousands digit of 784518?
8
What is the hundreds digit of 2580229?
2
What is the hundreds digit of 696429?
4
What is the hundreds digit of 4134947?
9
What is the hundreds digit of 4840006?
0
What is the thousands digit of 287465?
7
What is the hundreds digit of 2242963?
9
What is the hundreds digit of 2374138?
1
What is the ten thousands digit of 289524?
8
What is the tens digit of 3102321?
2
What is the millions digit of 9280351?
9
What is the hundreds digit of 9661561?
5
What is the ten millions digit of 16983658?
1
What is the millions digit of 13546905?
3
What is the ten thousands digit of 239096?
3
What is the tens digit of 455980?
8
What is the units digit of 1803939?
9
What is the units digit of 530273?
3
What is the thousands digit of 5463842?
3
What is the hundreds digit of 4190543?
5
What is the hundred thousands digit of 4629898?
6
What is the hundred thousands digit of 5065603?
0
What is the hundreds digit of 166738?
7
What is the units digit of 132167?
7
What is the millions digit of 2576860?
2
What is the units digit of 5280417?
7
What is the thousands digit of 3775964?
5
What is the hundred thousands digit of 3231537?
2
What is the tens digit of 4780404?
0
What is the millions digit of 11643626?
1
What is the ten thousands digit of 415743?
1
What is the tens digit of 304237?
3
What is the ten thousands digit of 7591737?
9
What is the thousands digit of 445143?
5
What is the hundreds digit of 1969117?
1
What is the units digit of 21524433?
3
What is the thousands digit of 195118?
5
What is the ten thousands digit of 3660952?
6
What is the tens digit of 685549?
4
What is the ten thousands digit of 5256813?
5
What is the hundred thousands digit of 236535?
2
What is the hundreds digit of 1966391?
3
What is the tens digit of 776461?
6
What is the hundreds digit of 108296?
2
What is the hundreds digit of 44297?
2
What is the tens digit of 2463083?
8
What is the ten thousands digit of 928528?
2
What is the tens digit of 1542962?
6
What is the hundreds digit of 119614?
6
What is the hundreds digit of 311169?
1
What is the tens digit of 2798744?
4
What is the units digit of 8058074?
4
What is the millions digit of 10362615?
0
What is the ten thousands digit of 272873?
7
What is the tens digit of 35787139?
3
What is the tens digit of 7